 Let o = 14 + v. What is the units digit of o*(0 - 1)*38?
8
Let v be (101 - 28)/(2/12). Let q = v + -154. What is the units digit of q?
4
Suppose 524 = 7*b - 3*b. What is the hundreds digit of b?
1
Let s(o) = 158*o**3 - 3*o**2 - o + 1. Let v be s(-1). Let n = v - -318. What is the hundreds digit of n?
1
Suppose 225 = 6*s - 2535. Suppose -6*m + s = -m. What is the units digit of m?
2
Let j = 6 - 4. Suppose -4*v = -20, -4*v + 5 = -j*m - 5. Suppose -i - c + m = 0, 5*c - 17 + 4 = -2*i. What is the units digit of i?
4
What is the tens digit of 468/(-702) + 3317/3?
0
What is the hundreds digit of (-5 + 64)/((-2)/(-10))?
2
Let f(m) = -40*m - 12. Let g be f(-4). What is the tens digit of g*(-3)/(-6) + (-1 - -1)?
7
Let k(p) = p**3 + 10*p**2 - 4*p - 22. Let n be k(-10). Suppose -f + 12 = -n. What is the tens digit of f?
3
Let d be 2 + 4 + -3 - 0. Suppose d*a = a - 6. What is the tens digit of (-5)/a*(-99)/(-3)?
5
Let b be ((-16)/(-5))/(4/(-60)). What is the units digit of -6 - b - (-1 - 1)?
4
Suppose n + 3*d - 144 = 0, 4*n + 14*d - 10*d = 608. What is the units digit of n?
6
Let r = 22 - 22. Suppose -u + 89 = 2*x, 5*x - u + 2*u - 215 = r. What is the tens digit of x?
4
Suppose 9 = -3*b - 0, -3*l - 5*b = -162. Suppose 2*m - 3*d = -112, m + l - 1 = 2*d. Let a = 74 + m. What is the tens digit of a?
2
Let m(o) = 15*o + 1. Let i = 36 + -31. What is the tens digit of m(i)?
7
Let l(w) = -w**3 + 2*w**2 + 7*w - 8. Let m be l(5). Let r be (m/15)/(10/(-175)). Let n = r - 27. What is the tens digit of n?
2
Let a(m) = -m**3 - 7*m**2 - 4. Let v be a(-7). Let b(r) = 2*r**2 - 2*r. What is the units digit of b(v)?
0
What is the hundreds digit of 303*(38/57 + (-1)/3)?
1
What is the tens digit of (-20)/(-24) - 823786/(-204)?
3
Let j = -12 + 9. What is the units digit of j + 5 - 1 - -24?
5
Suppose 5*y = -2*u - 4, 24 = -2*u - u - 3*y. What is the tens digit of 6*(-2 + ((-220)/u - 2))?
8
Let f = 1807 + -1163. Let l = f - 429. What is the tens digit of l?
1
Let n = 299 - -2895. What is the hundreds digit of n?
1
Let h be (-2 - 11/(-3)) + (-2)/(-6). Suppose -3*u - 1065 = -4*p, h*p + 53 - 618 = -5*u. What is the tens digit of p?
7
Let o = -15 + 20. Suppose -2*d - 1 = -o. Suppose -8*z + 3*z + 80 = -d*b, -4*z - 4*b + 64 = 0. What is the units digit of z?
6
Let b be ((-10)/(-8))/((-12)/48). Let c be b + 0 + 3 + 131. Suppose v = -2*v + c. What is the tens digit of v?
4
Let m be (-3)/12*2*-18. Suppose -m*w = -3*w - 1218. What is the units digit of w?
3
Let t(s) = -37*s + 10. Suppose 3*w + 5 = -2*w + 3*u, -2*w - 18 = 2*u. What is the units digit of t(w)?
8
Suppose 356 = -4*i - 5*j, -674 = 5*i - 5*j - 274. Let s = 0 - i. What is the tens digit of s?
8
Suppose -5*s = -2*s - 174. Let k(n) = -n**2 + 6*n - 6. Let o be k(7). Let y = o + s. What is the tens digit of y?
4
Suppose -3280 = -4*b + 4*o, -6*o + 1645 = 2*b - 9*o. What is the tens digit of b?
1
Let u = 510 - 343. What is the hundreds digit of u?
1
Let t = 41 + -41. Suppose t*p - 98 = -2*p. What is the tens digit of p?
4
Let n(r) = 1244*r**3 + 4*r**2 - 2*r - 1. What is the thousands digit of n(1)?
1
Let i(x) = -21*x + 2*x + 10*x - 2 + 8*x. Let m be i(1). What is the tens digit of m - (-3 - -4 - 14)?
1
Suppose 0 = -2*j + 4*j - 8. Suppose -j*k = -4, -o - 2*k + k = -67. What is the units digit of o?
6
Suppose -5*n + 768 = 3*n. Let k = -51 + n. What is the units digit of k?
5
Suppose 0 = -5*o - 5*a + 3230, -2*a = -4*a + 2. What is the hundreds digit of o?
6
Let g be (51 + -50)*(0 + (-2)/(-2)). Let h(c) = 21*c**2 + 2*c - 2. What is the tens digit of h(g)?
2
Let z(o) = o**3 - 5*o**3 - 8*o**2 + 3*o**3 + 16*o - 2*o**2 + 13. Let j be z(-11). What is the tens digit of 267/7 + 6/j?
3
What is the hundreds digit of 258139/175 - (-8)/(-100)?
4
Let r = 945 - 408. What is the tens digit of r?
3
Let s(k) = 21*k**3 - 16*k + 25. What is the thousands digit of s(4)?
1
Suppose 4*s - 30 - 6 = 0. Suppose -j + 22 = -s. What is the tens digit of j?
3
Let n(s) = -s**3 + 6*s**2 + 9*s - 8. Let k be n(7). Let g = k + -6. Suppose -4*f = -12, g = 4*q + 4*f - 66 + 22. What is the units digit of q?
8
Suppose 10*i = 14*i - 64. Suppose -2*k - 4*b = -k + 19, 5*k - 5*b + 20 = 0. Let j = k + i. What is the units digit of j?
9
Suppose 0 = -5*b + 86 + 59. Suppose -2*f = -s - 19, 2*f - 4*s + s - b = 0. What is the units digit of f?
7
What is the hundreds digit of ((-2)/(-5))/(3 + 12148/(-4050))?
8
Let m be 178/(-5) - (-6)/(-15). Let f(i) = 7*i**2 + 4*i - 1. Let b be f(-3). Let d = b + m. What is the tens digit of d?
1
Suppose 2*p + 18 + 15 = -c, 3*c + 39 = -2*p. Let b = p + 25. What is the tens digit of (-4 + 3)/((-1)/b)?
1
Let i = 1412 + -389. What is the hundreds digit of i?
0
Suppose -2*m = -3*n + 7*n - 2574, -616 = -n + 5*m. What is the units digit of n?
1
Let f be 12*(0 - -3) - 3. What is the units digit of (-370)/(-22) - (-6)/f?
7
Suppose 2*f - 4974 = -4*n, 0*f - 4*n = -4*f + 9960. What is the hundreds digit of f?
4
Suppose -5*b - 2*n = -7106, 4*n - 7 = 5. What is the units digit of b?
0
Suppose 16 = -5*f - 4. Let v be (f/(-3))/(10/15). What is the tens digit of v + 0 + (45 - -4)?
5
What is the units digit of (-1547)/(-21) + 2/(-3)?
3
Suppose 2311 = 2*i - f, i - 223 = -5*f + 949. What is the tens digit of i?
5
Let a(u) = 2*u**2 + 28*u + 21. Let h be a(-19). Let j = h + -129. Let t = j - 51. What is the units digit of t?
1
Let m be (-10)/(-5) + 0/(-1). Suppose -15 = -m*r - r. Suppose -2 = r*j - 47. What is the units digit of j?
9
Let v = -23 + 28. Suppose k = -k + v*t + 89, 2*k - 4*t - 94 = 0. Suppose 3*b - 7 + k = 2*g, -g + 18 = -5*b. What is the tens digit of g?
2
Let u = -194 - -485. What is the units digit of u?
1
Let x be (-6)/(-4)*62/31. Suppose s - 93 = l, x*l - 81 = -s + 4. What is the units digit of s?
1
Suppose -6*u + 3169 = -1421. Suppose -2*l + 7*l - u = 0. What is the hundreds digit of l?
1
Let l be -1 + -2 - (7 - 9). Let a(t) = 2*t**2 + t. Let n be a(l). What is the tens digit of (1/n)/(7/161)?
2
Let y(d) = -698*d + 28. What is the hundreds digit of y(-1)?
7
Let t(f) = 4*f**3. Let g(v) = 9*v**3 - v**2 - v. Let n(p) = 3*g(p) - 7*t(p). Let x be n(-2). Let a = x - -15. What is the tens digit of a?
1
Suppose -4 = -g + 2. Let d = 9 + -9. Suppose d = 10*n - g*n - 32. What is the units digit of n?
8
Let i(q) = 7*q + 17. What is the tens digit of i(3)?
3
What is the hundreds digit of 7 + 380/(-50) + (-18006)/(-10)?
8
Let r = 509 - 864. Let v = 603 + r. What is the tens digit of v?
4
Suppose -672 = 35*f - 27*f. What is the units digit of 24/f - (-1096)/14?
8
Suppose -2*k - 3036 = j - 4*j, 3036 = 3*j + 5*k. What is the tens digit of j?
1
Suppose 2*g + 2*g - b = 3272, g = 4*b + 833. What is the tens digit of g?
1
Suppose -5*q = -2*s + 4173, 4*q - 6657 + 455 = -3*s. What is the units digit of s?
4
Let g(x) = -x**2 + 10*x - 10. Let t be g(7). Let m = -3 + t. Suppose -r + 6 + m = 0. What is the tens digit of r?
1
Suppose a + 16399 = -8*j + 12*j, -5*a - 4114 = -j. What is the tens digit of j?
9
Let u(i) = i - 5. Let t be u(10). Suppose -5*g + 3*z = -21, -4*g = t*z - 2 - 0. Suppose -g*k + 48 = -60. What is the units digit of k?
6
Let b = 0 + 5. Suppose -5 = -b*q + 35. Suppose 4*y - q = 104. What is the tens digit of y?
2
Let v be 15/(-30) + 1/2. Let a(m) = -m**2 + 4*m + 283. What is the tens digit of a(v)?
8
Let u = 35 + 36. Let s = u - 43. What is the tens digit of s?
2
Let l = -22 - -27. Let k be 1 + 3 - l - 26. Let u = -11 - k. What is the tens digit of u?
1
Let w(s) = -35*s - 23 + s**2 + 26*s + 18*s. What is the units digit of w(12)?
9
Let g = 42 - -180. What is the tens digit of g?
2
Suppose -k + 13 = 23. What is the hundreds digit of (0 - -59)/(k/(-50))?
2
Let w(x) = x**2 + 15*x + 276. What is the tens digit of w(-37)?
9
Let h = 177 - 258. Let l be ((-4)/(-3))/((-36)/h). What is the tens digit of (-5 - -8)*58/l?
5
Let o(c) = -c**3 + 4*c**2 - 4*c + 2. Let g be o(3). Let i = g - -5. What is the units digit of i?
4
Suppose 352 = 4*i - 4*p, -2*p - 3*p - 354 = -4*i. Suppose -4*j + h - 236 = -3*h, 4*h = -2*j - 124. Let k = j + i. What is the tens digit of k?
2
Suppose -2*d - 3*d + 145 = 0. Suppose 5*f - d = 226. Let y = f - 16. What is the units digit of y?
5
Let k(c) = 266*c + 80. What is the units digit of k(6)?
6
Let i(n) = n**2 - 5*n - 53. What is the hundreds 